 y?
3
Let b(u) = 2*u**2 - 9*u + 7. Let n be b(6). Let z = n + -9. What is the remainder when z is divided by 9?
7
Let z = -1 - 1. Calculate the remainder when 13 is divided by 7/z*6/(-3).
6
Suppose 0 = -4*v + 27 + 29. Let n = 4 - -50. Let p = n - 28. What is the remainder when p is divided by v?
12
Let f be (1 + 0)*(-2 - -4). Suppose -f*x + 2 = -4. Suppose 0*a = x*a - 18. Calculate the remainder when a is divided by 2.
0
Suppose 0 = 2*g + 4 + 4. Let y(t) = t**2 + t - 1. Let q(c) = 3*c**2 - c + 4. Let j(z) = g*y(z) + q(z). Calculate the remainder when j(-6) is divided by 2.
0
Suppose 2*c - c = -5, 3*g + 5*c = -16. Let w be (-1 + 3)*g/2. Suppose -w*q + q + 6 = 0. Calculate the remainder when q is divided by 2.
1
Let c(h) = -h**3 - 9*h**2 - 4*h + 1. Let d be c(-8). Let w = d - -53. Let z = w - 8. Calculate the remainder when z is divided by 8.
6
Suppose 19*i - 26*i = -14. What is the remainder when 3 is divided by i?
1
Let u(b) = -b**2 - 10*b - 2. Let v be (-18)/15*(-40)/(-6). Calculate the remainder when u(v) is divided by 8.
6
Let n(c) = 10*c - 3. Let u = -2 - -4. What is the remainder when 66 is divided by n(u)?
15
Let f(c) = 0 + 1 - 3*c + 1. Suppose 26 = -4*k - d, 6*k - d + 30 = 2*k. Calculate the remainder when f(k) is divided by 8.
7
Suppose -2*j + 45 - 17 = 0. Suppose -201 = -14*n + 11*n. What is the remainder when n is divided by j?
11
Let x(m) = -2*m + 1. Suppose 2*v - 25 + 1 = 2*a, 5*v - 4*a - 55 = 0. What is the remainder when x(-5) is divided by v?
4
Let r(u) be the first derivative of -1/2*u**2 + 1 + 5*u. Calculate the remainder when 13 is divided by r(0).
3
Suppose -5*s + 0*k - 2*k - 55 = 0, 4*s - k + 31 = 0. Let l = -7 - s. What is the remainder when 51*(4/6)/l is divided by 9?
8
Let w(r) = -3*r - 3. What is the remainder when 56 is divided by w(-6)?
11
Let z(t) = -t + 4. Let s(v) = v**2 + 5. Let p be s(0). Suppose -4*a - 5*y + 3 = -p, -3*a = -y - 6. What is the remainder when z(0) is divided by a?
0
Let x be 4/(-18) + 29/9. Suppose x*o = -o + 28. Suppose -3*b - 40 = -5*b. What is the remainder when b is divided by o?
6
Let l(h) be the third derivative of -h**4/12 - h**3/2 + 3*h**2. What is the remainder when 24 is divided by l(-6)?
6
Suppose -2*j - a + 23 = 2*a, a = -3. Let q(g) = -g - 6. Let v be q(-6). Suppose 9 + v = u. What is the remainder when j is divided by u?
7
Let p = 13 + 56. Calculate the remainder when p is divided by (126/(-49))/((-3)/28).
21
What is the remainder when (2 - 3)/((-3)/204) is divided by 12?
8
Suppose -3*v + 6*v - 30 = 0. Let a be (-175)/v + 2/(-4). Let l = a + 35. What is the remainder when l is divided by 6?
5
Suppose 7*s - 5*s - 10 = 0. What is the remainder when (-75)/(-2)*4/s is divided by 11?
8
Let p = -8 - -7. Let t = p - -22. Calculate the remainder when 62 is divided by t.
20
Let g = 37 + -11. What is the remainder when 100 is divided by g?
22
Let y = -2 + 16. Suppose -u = u - y. Suppose u*h + k = 3*h + 28, h + 5*k = -12. What is the remainder when 14 is divided by h?
6
Suppose a + 2*a - 5*f - 55 = 0, 17 = a - f. Let i = 85 + -57. What is the remainder when i is divided by a?
13
Let n = 163 + -112. What is the remainder when n is divided by 18?
15
Let w(c) = -4 - 2*c**3 - 7*c**2 + 10 + 2 + 3*c**3. Suppose -n + 0*d + 2*d = -7, -4*n + d = -28. Calculate the remainder when 29 is divided by w(n).
5
Let z(y) = -y**2 - y + 16. Calculate the remainder when z(-3) is divided by 8.
2
Suppose 2*k - 90 = -h, -h + 6*h + 255 = 5*k. Let l(u) = -3*u - 3. Let j be l(-3). Let v(q) = 2*q. What is the remainder when k is divided by v(j)?
11
Let h(t) = t + 12. Calculate the remainder when 3 is divided by h(-11).
0
Let c be (-1 - (-3 + 2))*-1. Let f be (-2 - 0)*(c + -1). Suppose -10 = f*v - 7*v. What is the remainder when v is divided by 1?
0
What is the remainder when 177 is divided by 24/1*(-12)/32*-2?
15
Suppose -5*z = -2*z - 9. Let q = 6 - z. Calculate the remainder when 7 is divided by q.
1
Let t = 7 + -4. Let f = 7 - t. What is the remainder when 10 is divided by (-27)/(-6)*f/3?
4
Suppose -4*t + 2*s = 14, -3*t = -0*t - s + 13. Let v be 1 - 3*(-14)/t. Let w(f) = -f**2 - 7*f. Calculate the remainder when 10 is divided by w(v).
4
Let u(l) = 2*l + 8. Suppose d - 12 + 49 = 5*q, 0 = 4*q + 3*d - 22. Suppose -5*n + 135 = -75. Calculate the remainder when n is divided by u(q).
20
Let i = 0 + 37. Calculate the remainder when i is divided by 13.
11
Let b = -6 + 16. Let r = b - 2. Suppose o + 7 = 2*h + 2*o, -4*o = -h + r. Calculate the remainder when h is divided by 3.
1
Suppose 5*m - 69 = -4. What is the remainder when m is divided by 4?
1
Let j = 25 - 22. Calculate the remainder when 12 is divided by j.
0
Let u = 65 + -39. Calculate the remainder when u is divided by 7.
5
Let m = -19 + 31. What is the remainder when 69 is divided by m?
9
Let p(q) = -q + 2*q + 5*q**2 - q**3 + 2*q - 5. Let d be p(5). Suppose 0 = 3*b - 4*m - 49 - 0, 0 = 5*m - d. Calculate the remainder when b is divided by 5.
4
Let y(v) = v**3 - 3*v**2 - 2*v + 4. Let u be y(3). Let f = -26 + 39. What is the remainder when (-46)/u + 5 + -3 is divided by f?
12
Calculate the remainder when 28 is divided by (4 + -2)*-2 - -9.
3
Suppose 7*n - 2*n = 5, 4*q = 2*n + 66. Suppose 33 = 5*u + 3. Calculate the remainder when q is divided by u.
5
Suppose 3*q = 1 + 35. Suppose 3*c - q = 2*c. What is the remainder when 3 + -1 + 20 + 1 is divided by c?
11
Let y = 9 + -4. Suppose -9 = y*n + 1. Calculate the remainder when 8/(-6)*33/n is divided by 12.
10
Let l(u) = u**3 + 2*u**2 - 3*u + 2. Let b = 3 + -2. What is the remainder when 10 is divided by l(b)?
0
Let z = -6 + -32. Let o = -7 + 61. Let b = o + z. Calculate the remainder when b is divided by 9.
7
Suppose -3*s + 7 - 1 = 0. Calculate the remainder when s is divided by 1.
0
Let y(g) = -g**3 - g**2 + 6*g + 4. What is the remainder when 53 is divided by y(-4)?
25
Let j(t) = -t**2 + 8*t + 7. Let l be j(9). Let u = l - -3. Calculate the remainder when u is divided by (-3)/(-2)*2/3.
0
Let p(u) = -3*u - 37. What is the remainder when 36 is divided by p(-15)?
4
Suppose -14 - 34 = -2*u. Let v = u - 12. What is the remainder when 34 is divided by v?
10
Suppose 0 = -8*n + 7*n + 6. Suppose -n*i + 75 = -3*i. Calculate the remainder when i is divided by 14.
11
Suppose 58 = 2*c - 3*f, -5*c - 4*f + 234 = 43. Let z = 55 - c. Let k = -11 + 18. Calculate the remainder when z is divided by k.
6
What is the remainder when 69 is divided by ((-1)/(-3))/(3/162)?
15
Let w = 7 - 3. Calculate the remainder when 17 is divided by w/(-14) - (-74)/14.
2
Let k = -23 + 20. What is the remainder when 62 is divided by (10 - (k - 0))/1?
10
Suppose q - 2 = 3. What is the remainder when 11 is divided by q?
1
Let i(p) = p**2 + 2*p + 5. Let y = -1 + -3. Calculate the remainder when 51 is divided by i(y).
12
Suppose 6*r = -5*g + r - 15, 3*r = -15. Suppose -4*b - 52 = -4*j, -14 = -4*j + g*j + 5*b. What is the remainder when 0/(5 - 2) + 32 is divided by j?
15
Suppose 0*i - 9 = -3*i. Suppose i*y + s = 25 + 35, -4*y + 80 = 4*s. What is the remainder when 58 is divided by y?
18
Let j(x) = x**2 + 4*x - 20. What is the remainder when 74 is divided by j(-9)?
24
Let g = 90 + -49. Calculate the remainder when g is divided by (-2)/(-9) - (-620)/45.
13
Suppose -3*r = 2*r - 120. What is the remainder when 143/2 - 3/2 is divided by r?
22
Let l = 0 + -3. Let u = l + 5. Calculate the remainder when 2 is divided by u.
0
Let m = -3 + 5. Suppose -m*x = 3*x - 35. Calculate the remainder when 12 is divided by x.
5
Let f(n) = n**3 + 5*n**2 - 2*n - 2. What is the remainder when 23 is divided by f(-5)?
7
Suppose -f + 13 = -3*s, -1 = 4*f - 3*s - 26. What is the remainder when 30 is divided by f?
2
Let f = 15 - 5. Calculate the remainder when 9 is divided by 75/f*(-4)/(-6).
4
What is the remainder when 3*2*(-3 + 91/14) is divided by 8?
5
Suppose o - 61 = 30. Calculate the remainder when o is divided by 23.
22
Let i = 32 + -11. Let t(r) = 10*r**2 - r - 2. What is the remainder when t(-2) is divided by i?
19
Let i = -27 - -46. What is the remainder when 35 is divided by i?
16
Suppose 0*q - 4*q = 0, -4*q = -4*t + 188. What is the remainder when t is divided by 12?
11
Suppose 5*a = 4*x - 30, -a = -3 + 5. Let b(n) = -x*n**3 + 2*n**2 - 2*n + 4*n**3 - 1 - 4 + 2. What is the remainder wh